{"id":50,"date":"2023-09-20T12:56:58","date_gmt":"2023-09-20T12:56:58","guid":{"rendered":"http:\/\/localhost:10040\/?post_type=product&#038;p=50"},"modified":"2023-10-17T13:41:42","modified_gmt":"2023-10-17T13:41:42","slug":"blomapottar-fyrir-jardaber","status":"publish","type":"product","link":"https:\/\/smhgrodurhus.is\/?product=blomapottar-fyrir-jardaber","title":{"rendered":"Bl\u00f3mapottur &#8222;Staflanlegur&#8220; 7stk"},"content":{"rendered":"<p>N\u00fa geta allir r\u00e6kta\u00f0 , Jar\u00f0aberjaturn 7 pottar og grunnur r\u00famar 28 pl\u00f6ntur \u00ed 7 pottum, pl\u00f6ntur fylgja ekki me\u00f0 f\u00ednt \u00e1 svalir sparar miki\u00f0 pl\u00e1ss get sent \u00fat \u00e1 land<\/p>\n","protected":false},"excerpt":{"rendered":"<p>Jar\u00f0aberjaturn 7 pottar og grunnur<\/p>\n","protected":false},"featured_media":151,"comment_status":"open","ping_status":"closed","template":"","meta":{"_acf_changed":false},"product_brand":[],"product_cat":[25],"product_tag":[],"class_list":{"0":"post-50","1":"product","2":"type-product","3":"status-publish","4":"has-post-thumbnail","6":"product_cat-gardyrkja","8":"first","9":"instock","10":"shipping-taxable","11":"purchasable","12":"product-type-simple"},"acf":[],"_links":{"self":[{"href":"https:\/\/smhgrodurhus.is\/index.php?rest_route=\/wp\/v2\/product\/50","targetHints":{"allow":["GET"]}}],"collection":[{"href":"https:\/\/smhgrodurhus.is\/index.php?rest_route=\/wp\/v2\/product"}],"about":[{"href":"https:\/\/smhgrodurhus.is\/index.php?rest_route=\/wp\/v2\/types\/product"}],"replies":[{"embeddable":true,"href":"https:\/\/smhgrodurhus.is\/index.php?rest_route=%2Fwp%2Fv2%2Fcomments&post=50"}],"wp:featuredmedia":[{"embeddable":true,"href":"https:\/\/smhgrodurhus.is\/index.php?rest_route=\/wp\/v2\/media\/151"}],"wp:attachment":[{"href":"https:\/\/smhgrodurhus.is\/index.php?rest_route=%2Fwp%2Fv2%2Fmedia&parent=50"}],"wp:term":[{"taxonomy":"product_brand","embeddable":true,"href":"https:\/\/smhgrodurhus.is\/index.php?rest_route=%2Fwp%2Fv2%2Fproduct_brand&post=50"},{"taxonomy":"product_cat","embeddable":true,"href":"https:\/\/smhgrodurhus.is\/index.php?rest_route=%2Fwp%2Fv2%2Fproduct_cat&post=50"},{"taxonomy":"product_tag","embeddable":true,"href":"https:\/\/smhgrodurhus.is\/index.php?rest_route=%2Fwp%2Fv2%2Fproduct_tag&post=50"}],"curies":[{"name":"wp","href":"https:\/\/api.w.org\/{rel}","templated":true}]}}