{"id":65,"date":"2023-09-25T07:31:21","date_gmt":"2023-09-25T07:31:21","guid":{"rendered":"http:\/\/localhost:10040\/?post_type=product&#038;p=65"},"modified":"2025-04-04T23:18:45","modified_gmt":"2025-04-04T23:18:45","slug":"led-ljos","status":"publish","type":"product","link":"https:\/\/smhgrodurhus.is\/?product=led-ljos","title":{"rendered":"LED Perur \u00ed fl\u00farlampa (60cm 120cm 150cm)"},"content":{"rendered":"<p>Led perur \u00ed fl\u00far lampa,<\/p>\n<p>\u2714 EINF\u00d6LD UPPSETNING: Flott afur\u00f0 sem g\u00e6ti skipt \u00fat fyrir F18T8 F20T10 F20T12\/CW lj\u00f3sr\u00f6\u00f0ul\u00f6g, me\u00f0 \u00fev\u00ed a\u00f0 fja\u00f0rir n\u00faverandi b\u00fana\u00f0arst\u00fdringu e\u00f0a sleppa henni. Hentar vel sem skiptist\u00falka fyrir hef\u00f0bundna T8 T10 T12 fl\u00fa\u00f3rescent lj\u00f3s.<\/p>\n<p>\u2714 ORKUSPARNA\u00d0UR: Spari\u00f0 60% \u00e1 rafmagnsreikninginum ykkur! Skipti\u00f0 \u00fat 18W fl\u00fa\u00f3rescent lj\u00f3sum me\u00f0 9W LED-gl\u00f3sum. L\u00edft\u00edmi allt upp \u00ed 50.000+ stundum (17 \u00e1r me\u00f0 8 klukkut\u00edmum \u00e1 dag).<\/p>\n<p>\u2714 OFUR-BJART: H\u00e1 g\u00e6\u00f0i LED-gegnar. Varan heldur h\u00e1um birtustigi allt upp \u00ed 130LM\/W, enginn skj\u00f3tur, engin h\u00e1va\u00f0i, \u00e1n mengunar, engin gler. Tilkv. sk\u00e1pur, brosandi, geymslur\u00fdmi o.s.frv.<\/p>\n<p>\u2714 TRYGG\u00d0ARHORF: 60cm LED-lj\u00f3sstungurnar okkar nota plastr\u00e6\u00f0ur sem minnkar l\u00edkur \u00e1 brotum. Endar lj\u00f3sanna eru \u00far s\u00e9rst\u00f6kum eldsvarnarm\u00f6gulegum efni sem vernda fyrir elds\u00e1rinu sem g\u00e6tu or\u00f0i\u00f0 ef \u00f3v\u00e6nt stutt r\u00e1s myndist.<\/p>\n<p>\u2714 G\u00c6\u00d0ATRYGGING: 3 \u00e1ra \u00f3takmarka\u00f0 g\u00e6\u00f0agrunnur, einf\u00f6ld og flj\u00f3t skipti ver\u00f0a frambo\u00f0in ef g\u00e6\u00f0avandam\u00e1l koma upp.<\/p>\n<p><img loading=\"lazy\" decoding=\"async\" class=\"alignnone wp-image-118\" src=\"\/\/localhost:3000:3000:3000:3000:3000:3000\/smh\/wp-content\/uploads\/2023\/09\/1-300x300.jpg\" alt=\"\" width=\"1542\" height=\"1542\" srcset=\"https:\/\/smhgrodurhus.is\/wp-content\/uploads\/2023\/09\/1-300x300.jpg 300w, https:\/\/smhgrodurhus.is\/wp-content\/uploads\/2023\/09\/1-150x150.jpg 150w, https:\/\/smhgrodurhus.is\/wp-content\/uploads\/2023\/09\/1-768x768.jpg 768w, https:\/\/smhgrodurhus.is\/wp-content\/uploads\/2023\/09\/1-600x600.jpg 600w, https:\/\/smhgrodurhus.is\/wp-content\/uploads\/2023\/09\/1-100x100.jpg 100w, https:\/\/smhgrodurhus.is\/wp-content\/uploads\/2023\/09\/1.jpg 1000w\" sizes=\"auto, (max-width: 1542px) 100vw, 1542px\" \/><\/p>\n<p><img loading=\"lazy\" decoding=\"async\" class=\"alignnone wp-image-120\" src=\"\/\/localhost:3000:3000:3000:3000:3000:3000\/smh\/wp-content\/uploads\/2023\/09\/3-300x300.jpg\" alt=\"\" width=\"2001\" height=\"2001\" srcset=\"https:\/\/smhgrodurhus.is\/wp-content\/uploads\/2023\/09\/3-300x300.jpg 300w, https:\/\/smhgrodurhus.is\/wp-content\/uploads\/2023\/09\/3-150x150.jpg 150w, https:\/\/smhgrodurhus.is\/wp-content\/uploads\/2023\/09\/3-768x768.jpg 768w, https:\/\/smhgrodurhus.is\/wp-content\/uploads\/2023\/09\/3-600x600.jpg 600w, https:\/\/smhgrodurhus.is\/wp-content\/uploads\/2023\/09\/3-100x100.jpg 100w, https:\/\/smhgrodurhus.is\/wp-content\/uploads\/2023\/09\/3.jpg 1000w\" sizes=\"auto, (max-width: 2001px) 100vw, 2001px\" \/><\/p>\n<p><img loading=\"lazy\" decoding=\"async\" class=\"alignnone wp-image-119\" src=\"\/\/localhost:3000:3000:3000:3000:3000:3000\/smh\/wp-content\/uploads\/2023\/09\/2-300x300.jpg\" alt=\"\" width=\"1999\" height=\"1999\" srcset=\"https:\/\/smhgrodurhus.is\/wp-content\/uploads\/2023\/09\/2-300x300.jpg 300w, https:\/\/smhgrodurhus.is\/wp-content\/uploads\/2023\/09\/2-150x150.jpg 150w, https:\/\/smhgrodurhus.is\/wp-content\/uploads\/2023\/09\/2-768x768.jpg 768w, https:\/\/smhgrodurhus.is\/wp-content\/uploads\/2023\/09\/2-600x600.jpg 600w, https:\/\/smhgrodurhus.is\/wp-content\/uploads\/2023\/09\/2-100x100.jpg 100w, https:\/\/smhgrodurhus.is\/wp-content\/uploads\/2023\/09\/2.jpg 1000w\" sizes=\"auto, (max-width: 1999px) 100vw, 1999px\" \/><\/p>\n","protected":false},"excerpt":{"rendered":"<p>Led perur \u00ed fl\u00far lampa<\/p>\n","protected":false},"featured_media":160,"comment_status":"open","ping_status":"closed","template":"","meta":{"_acf_changed":false},"product_brand":[],"product_cat":[28],"product_tag":[],"class_list":{"0":"post-65","1":"product","2":"type-product","3":"status-publish","4":"has-post-thumbnail","6":"product_cat-ljos","8":"first","9":"instock","10":"shipping-taxable","11":"purchasable","12":"product-type-variable"},"acf":[],"_links":{"self":[{"href":"https:\/\/smhgrodurhus.is\/index.php?rest_route=\/wp\/v2\/product\/65","targetHints":{"allow":["GET"]}}],"collection":[{"href":"https:\/\/smhgrodurhus.is\/index.php?rest_route=\/wp\/v2\/product"}],"about":[{"href":"https:\/\/smhgrodurhus.is\/index.php?rest_route=\/wp\/v2\/types\/product"}],"replies":[{"embeddable":true,"href":"https:\/\/smhgrodurhus.is\/index.php?rest_route=%2Fwp%2Fv2%2Fcomments&post=65"}],"wp:featuredmedia":[{"embeddable":true,"href":"https:\/\/smhgrodurhus.is\/index.php?rest_route=\/wp\/v2\/media\/160"}],"wp:attachment":[{"href":"https:\/\/smhgrodurhus.is\/index.php?rest_route=%2Fwp%2Fv2%2Fmedia&parent=65"}],"wp:term":[{"taxonomy":"product_brand","embeddable":true,"href":"https:\/\/smhgrodurhus.is\/index.php?rest_route=%2Fwp%2Fv2%2Fproduct_brand&post=65"},{"taxonomy":"product_cat","embeddable":true,"href":"https:\/\/smhgrodurhus.is\/index.php?rest_route=%2Fwp%2Fv2%2Fproduct_cat&post=65"},{"taxonomy":"product_tag","embeddable":true,"href":"https:\/\/smhgrodurhus.is\/index.php?rest_route=%2Fwp%2Fv2%2Fproduct_tag&post=65"}],"curies":[{"name":"wp","href":"https:\/\/api.w.org\/{rel}","templated":true}]}}